ine f(a).
3
Let m(t) = -2*t + t + 20 - 19 + t**2. Calculate m(3).
7
Let i(b) be the first derivative of b**2/2 + 6*b + 2. Give i(5).
11
Let j(w) = 3*w + 2. Let b be j(1). Let i(x) = -3*x + 7. Determine i(b).
-8
Let t = -21 + 19. Let f(c) = -4*c - 3. Give f(t).
5
Suppose -4*j + 3 = -1. Let y = -2 - j. Let m(x) = -2*x - x**2 + 2*x - 2 - 4*x. Determine m(y).
1
Let m(b) = 0*b + 2*b + 338 - b - 346. Determine m(0).
-8
Let g(b) be the first derivative of -b**4/4 - b**3/3 - b**2/2 + 4*b + 1. Suppose -5*q + 5*n + 25 = 0, 2*q - 2*n - 19 = -3*q. Let d = q + -3. Determine g(d).
4
Let u be -5 - (0/3 + -4). Let a(k) be the third derivative of -k**7/1260 + k**5/60 + k**2. Let w(l) be the third derivative of a(l). Calculate w(u).
4
Let l(v) = v + 6. Let r be 0/1*1/(-1). Determine l(r).
6
Let a(t) = -271*t + 0 + 272*t + 6. Calculate a(-8).
-2
Let j(k) = k - 1. Let i(n) = n**3 - 2. Let r be i(2). Let p be r*-2*1/(-4). Give j(p).
2
Let j(r) = 5*r**2 + 3*r - 6. Let w(d) = -d**2. Let q(g) = j(g) + 4*w(g). What is q(-6)?
12
Let u(g) = g**2 + g - 4. Let c(d) = d + 1. Let x(n) = -5*c(n) - u(n). Suppose 11 = -2*f + 1. Determine x(f).
4
Let i(w) = -3*w - 4. Let n(c) = -c**3 - 4*c**2 - 3. Let s be n(-4). Let u be i(s). Let h(b) = 3 + 1 + b**2 + 0*b**2 - 5*b. Give h(u).
4
Let z(s) = -s**2 + 3*s + 2. Suppose 3 = 3*k - 6. Let p be z(k). Let y(r) = -1. Let v(j) = 4*j**2 - 3*j - 5. Let m(i) = v(i) - 5*y(i). Calculate m(p).
10
Suppose -2*d = 3 + 1, -5*d = -4*s + 18. Let w(o) be the first derivative of o**4/6 - o**3/3 + o**2 + 3. Let a(h) be the second derivative of w(h). Give a(s).
6
Let t(k) be the third derivative of k**9/60480 - k**8/6720 - k**7/5040 + k**6/720 + k**5/12 - 4*k**2. Let h(f) be the third derivative of t(f). Calculate h(3).
-2
Let y(c) be the third derivative of c**5/24 - c**4/24 - c**3/6 - 4*c**2. Let q(u) be the first derivative of y(u). What is q(1)?
4
Suppose 0 = 3*v + 3*r + 1 - 4, -v + 5*r = 17. Let o be (-33)/7 - v/(-7). Let w(b) = b**3 + 5*b**2 + b. What is w(o)?
-5
Let t(d) be the third derivative of 1/10*d**5 + 0*d + 5/6*d**3 + 2*d**2 - 1/6*d**4 - 1/120*d**6 + 0. What is t(5)?
10
Let f(v) = -2*v**3 - 13 - 2*v - 5*v + 2*v**2 - 7*v**2. Let i(b) = 3*b**3 + 8*b**2 + 11*b + 19. Let j = -17 + 10. Let x(o) = j*f(o) - 5*i(o). Give x(-4).
4
Suppose 0 = 6*m - m - 2*b - 15, -2*b = m - 3. Suppose -8 = -m*y + 7. Suppose y*w = f + 18, 0 = 4*f - 5 + 17. Let v(c) = -2*c**2 + 4*c - 1. Give v(w).
-7
Let s(b) = b**2 + 2*b - 2. Suppose -6*n - 12 = -3*n. Give s(n).
6
Let j be -3*(-2 + 5)/9*5. Let z(b) be the first derivative of b**3/3 + 7*b**2/2 + 5*b - 1. Calculate z(j).
-5
Let h(o) be the third derivative of o**8/6720 + o**7/2520 + o**6/720 - 11*o**5/120 - o**4/24 + 4*o**2. Let g(u) be the second derivative of h(u). What is g(0)?
-11
Let v(c) = -c + 9 + c**2 - 8 - 6. Determine v(0).
-5
Let m be ((-2)/(-4))/(1/4). Let k(i) = 1 + m + 0 - i**2 + 4*i. Let x be 12/96 - 39/(-8). Give k(x).
-2
Let l(z) = -2*z - 3. Let q(y) = 2 - 4 + 3. Let h(j) = -l(j) - 4*q(j). Let c(b) = b**2 + 9*b + 11. Let m be c(-8). Calculate h(m).
5
Let q(d) be the third derivative of -5*d**4/24 - d**3 - d**2. Let f(n) = -14*n - 18. Let b(x) = 4*f(x) - 11*q(x). Calculate b(-5).
-1
Let w(y) = y - 16. Suppose 16*o - 24*o = -64. Calculate w(o).
-8
Let u(v) = 10*v - 17. Let c(h) = 5*h - 8. Let x(r) = 13*c(r) - 6*u(r). Determine x(2).
8
Suppose n - 4*n - 3 = 0. Let s(v) be the first derivative of 3*v**4/2 - 2*v**3/3 + v - 4. Calculate s(n).
-7
Let u = 26 - 22. Let z(n) = -n**2 + 5*n + 5. What is z(u)?
9
Suppose -28 = -3*z - 22. Let s(h) be the first derivative of -1/4*h**4 - 3*h**2 + z*h**3 + 5*h - 3. Give s(5).
0
Let o(n) = n**2 - 2*n - 3. Let g = 10 - 5. Let i(f) be the second derivative of f**4/12 - f**3/3 - 3*f**2/2 + f. Let a(z) = g*i(z) - 6*o(z). Give a(4).
-5
Let d(q) = -4 - 1 + 4*q**2 + q + q**3 - 10*q**2. Let y be (10/(-15))/(4/(-36)). What is d(y)?
1
Let q(r) be the first derivative of r**6/90 + r**5/60 + r**4/24 + r**3 - 3. Let t(d) be the third derivative of q(d). Calculate t(-1).
3
Let n be 4 + (-6)/(-2) + 2. Let q(x) = 4*x - 15. Let i(k) = -2*k + 7. Let v(c) = n*i(c) + 4*q(c). What is v(3)?
-3
Let l(j) = -j - 4. Suppose -2*b - b = 3. Let o be (-1 + 2)*0/b. Give l(o).
-4
Let l(t) = 2*t - 10. Suppose 0 = 5*x - x - 16. Let s(h) = 2*h - 10. Let r(g) = x*l(g) - 3*s(g). Let q be r(7). Let v(k) = k**3 - 3*k**2 - 6*k + 3. What is v(q)?
-5
Let a(k) = -k**2 - 8*k - 3. Let o(v) = v**3 - 5*v**2 + 4*v + 1. Let y be o(3). Give a(y).
12
Let u(n) = n - 6. Suppose 0 = 2*i - k + 6, -8 = 2*k. Calculate u(i).
-11
Suppose 3*l - 5*l - 3*n + 4 = 0, 0 = 2*n. Let t(w) = 3*w**2 - 7*w**l - w - 3*w + w. Calculate t(-2).
-10
Let s(z) = -5 - 62*z + 66*z - z**3 - 5*z**2 + z**2. Calculate s(-5).
0
Let t(y) = -3 - 5 + 0*y + 2*y - 5*y. Calculate t(-6).
10
Let p(u) = -u**2 + u. Let b(h) = -7*h**2 + 4*h. Let r(w) = b(w) - 5*p(w). What is r(-2)?
-6
Let c(w) be the third derivative of -w**4/6 - w**3/2 - 23*w**2. Calculate c(-5).
17
Let t be (-2)/((-12)/9 - -2). Let l(h) = h**3 + 4*h**2 - 4. Calculate l(t).
5
Suppose 0 = -7*q + 11*q + 24. Let x(c) = c**2 + 7*c + 7. Calculate x(q).
1
Suppose -3*s = 2*s - 25. Suppose 2*w + 0*w = 20. Suppose s*r = -5 - w. Let m(h) = -h - 5. Determine m(r).
-2
Let v(x) = x - 2. Let z(s) = -3*s + 7. Let g(n) = 7*v(n) + 2*z(n). Let o(u) = -1 + 0 + 4 - 2 - 5*u. Let a(t) = -6*g(t) - o(t). Determine a(2).
-3
Let q(i) = -2*i - 6. Let f be q(-4). Suppose -5*g = -j - 17, 5*j + 1 + 4 = 5*g. Let a(x) = 6 - 5 + 3*x**2 + x**j + 4*x + 3*x**f. Calculate a(-5).
6
Let v(t) be the first derivative of -t**3/3 - 2*t**2 + 5*t - 4. Calculate v(-5).
0
Let d(z) = -11*z**3 + 8*z**2 + 11*z - 2. Let b(m) = -7*m**3 + 5*m**2 + 7*m - 1. Let r(c) = 8*b(c) - 5*d(c). Determine r(-2).
8
Let m(w) = -16*w + 6. Let p(z) = -3*z + 1. Let s(h) = -4*m(h) + 22*p(h). Let t(a) = 6*a + 2 - a**3 + 2 + 2*a**3 + 5*a**2. Let u be t(-4). Determine s(u).
6
Let f(b) = -11*b**2 - 1. Let c(q) = -q - 6. Let i be c(0). Let u = i - -7. Give f(u).
-12
Let o(t) be the first derivative of -t**4/2 - 4*t**3/3 - 3*t**2/2 + 2. What is o(-2)?
6
Let y(a) = -5*a**3 + a**2 - a - 1. Let r(n) be the first derivative of n**4/4 + n**3/3 - n**2/2 + 3. Let x(t) = -4*r(t) - y(t). What is x(4)?
5
Let j(n) = -7 - 8 + 7 - n**2 + 0*n**2 - 7*n. Give j(-6).
-2
Let b(m) = 2*m + 8. Suppose 5*z - 2*n + 17 = -11, -4 = 4*n. Calculate b(z).
-4
Let l(w) = w**2 + 6*w + 4. Let x(o) = 7*o. Let s be x(2). Let f = s - 18. Give l(f).
-4
Let n = -1 - -3. Let b(a) be the second derivative of a**4/3 - a**3/2 + 15*a. What is b(n)?
10
Let s(h) = -13*h**2 - h + 9. Let r(f) = -7*f**2 + 5. Let m(u) = 11*r(u) - 6*s(u). Give m(-5).
-4
Let u(k) = 43*k + 40*k - 81*k. What is u(1)?
2
Let n(f) be the second derivative of 3*f**4/4 - f**3/6 + 10*f. Give n(-1).
10
Let o(x) be the first derivative of x**4/4 - x**3/3 - 2*x**2 - x - 1. Suppose -1 = 2*h + 3. Let n be 2 + 2*(-1)/h. What is o(n)?
5
Suppose -2*m + k + 11 = 2, -2*k - 10 = 0. Let b(f) = -10*f**2 + 3. Let g(z) = 3*z**2 - 1. Let u(s) = -2*b(s) - 7*g(s). Calculate u(m).
-3
Let j(h) be the first derivative of h**4/4 + h**3/3 + h**2/2 + 2*h + 3. Let y be (-1 - -2 - 2)*0. Suppose -t - t = 2*i, t = y. Calculate j(i).
2
Let p(b) = 26*b - 2*b**2 - 26*b + 0*b**2. Let g be (-4)/3*1*-3. Suppose -36 + 14 = -2*j + 5*c, -5*j = -g*c - 21. Give p(j).
-2
Suppose 2*v + 2*o + 8 = 7*v, -4*v + 3*o = -5. Let a(y) = -3*y**v + 4*y + 2 - 3*y + y**2. Suppose 4*f + 6 = 3*g, f + 2 = -1. What is a(g)?
-8
Let i = 1 - -1. Let t(l) = 6*l**2 - 18 - 5*l**i + 12*l + 0*l**2. Let y be t(-13). Let d(q) = -q**2 - 7*q - 3. Calculate d(y).
7
Suppose 16 = -6*o + 2*o. Let d(x) = 2*x + 2. Determine d(o).
-6
Let v(u) be the third derivative of -u**6/120 - u**5/60 - u**4/12 - 3*u**2. Determine v(-2).
8
Let w(r) = -47 + r + 2*r + 42 - 4*r. Let g(q) = q - 10. Let k be g(6). Determine w(k).
-1
Let o(d) = -d - 2. Suppose 4 = -4*g, 4*g + 12 = -4*x - 0*x. Let p be (2 - (-3)/x)*0. Calculate o(p).
-2
Suppose 7*i = 2*i - 20. Suppose -5*x = -3*d - 5, -4*d + 0*d + 4*x + 4 = 0. Let v(t) = t + 1 + 0 + 2*t**2 - d + 4*t. Give v(i).
8
Let q(v) be the second derivative of 2*v**2 - 2/3*v**3 + 0 - 1/12*v**4 + v. Determine q(-3).
7
Let b(d) = d**2 - 2*d - 1. Let h = 2 - 4. Determine b(h).
7
Let r(w) = -w**2 - w 